{"id":2,"date":"2022-06-18T18:14:48","date_gmt":"2022-06-18T21:14:48","guid":{"rendered":"https:\/\/portalnosralla.com.br\/cobranca\/?page_id=2"},"modified":"2023-02-23T18:20:14","modified_gmt":"2023-02-23T21:20:14","slug":"inicial","status":"publish","type":"page","link":"https:\/\/portalnosralla.com.br\/cobranca\/","title":{"rendered":"Inicial"},"content":{"rendered":"\n<div class=\"wp-block-cover alignfull is-light has-parallax wp-duotone-unset-1\" style=\"margin-top:0;margin-bottom:0;padding-top:var(--wp--preset--spacing--40);padding-right:var(--wp--preset--spacing--40);padding-bottom:var(--wp--preset--spacing--40);padding-left:var(--wp--preset--spacing--40);min-height:200px;aspect-ratio:unset;\"><span aria-hidden=\"true\" class=\"wp-block-cover__background has-background-dim-0 has-background-dim\"><\/span><div role=\"img\" class=\"wp-block-cover__image-background wp-image-110 has-parallax\" style=\"background-position:50% 50%;background-image:url(https:\/\/portalnosralla.com.br\/cobranca\/wp-content\/uploads\/sites\/3\/2022\/06\/czNmcy1wcml2YXRlL3Jhd3BpeGVsX2ltYWdlcy93ZWJzaXRlX2NvbnRlbnQvbHIvcHgxMDEzOTkyLWltYWdlLWt3dndnY3o2LmpwZw.jpg)\"><\/div><div class=\"wp-block-cover__inner-container is-layout-flow wp-block-cover-is-layout-flow\">\n<div style=\"height:100px\" aria-hidden=\"true\" class=\"wp-block-spacer\"><\/div>\n\n\n\n<div class=\"wp-block-group is-layout-constrained wp-block-group-is-layout-constrained\">\n<figure class=\"wp-block-image aligncenter size-full\"><img loading=\"lazy\" decoding=\"async\" width=\"422\" height=\"275\" src=\"https:\/\/portalnosralla.com.br\/cobranca\/wp-content\/uploads\/sites\/3\/2022\/06\/nosralla-cobrancas-500px-e1655588751849.png\" alt=\"\" class=\"wp-image-13\" srcset=\"https:\/\/portalnosralla.com.br\/cobranca\/files\/2022\/06\/nosralla-cobrancas-500px-e1655588751849.png 422w, https:\/\/portalnosralla.com.br\/cobranca\/files\/2022\/06\/nosralla-cobrancas-500px-e1655588751849-300x195.png 300w\" sizes=\"auto, (max-width: 422px) 100vw, 422px\" \/><\/figure>\n<\/div>\n\n\n\n<div style=\"height:100px\" aria-hidden=\"true\" class=\"wp-block-spacer\"><\/div>\n<\/div><\/div>\n\n\n\n<div class=\"wp-block-cover alignfull is-light has-parallax\" style=\"margin-top:0;margin-bottom:0;padding-top:var(--wp--preset--spacing--40);padding-right:var(--wp--preset--spacing--40);padding-bottom:var(--wp--preset--spacing--40);padding-left:var(--wp--preset--spacing--40);min-height:800px;aspect-ratio:unset;\"><span aria-hidden=\"true\" class=\"wp-block-cover__background has-background-dim-0 has-background-dim\"><\/span><div role=\"img\" class=\"wp-block-cover__image-background wp-image-110 has-parallax\" style=\"background-position:50% 50%;background-image:url(https:\/\/portalnosralla.com.br\/cobranca\/wp-content\/uploads\/sites\/3\/2022\/06\/czNmcy1wcml2YXRlL3Jhd3BpeGVsX2ltYWdlcy93ZWJzaXRlX2NvbnRlbnQvbHIvcHgxMDEzOTkyLWltYWdlLWt3dndnY3o2LmpwZw.jpg)\"><\/div><div class=\"wp-block-cover__inner-container is-layout-flow wp-block-cover-is-layout-flow\">\n<div style=\"height:100px\" aria-hidden=\"true\" class=\"wp-block-spacer\"><\/div>\n\n\n\n<div class=\"wp-block-group alignwide is-layout-constrained wp-block-group-is-layout-constrained\">\n<div class=\"wp-block-media-text alignwide is-stacked-on-mobile is-vertically-aligned-bottom is-image-fill ticss-3ae6703e has-tertiary-background-color has-background\" style=\"margin-top:0;margin-right:0;margin-bottom:0;margin-left:0;padding-top:var(--wp--preset--spacing--40);padding-right:var(--wp--preset--spacing--40);padding-bottom:var(--wp--preset--spacing--40);padding-left:var(--wp--preset--spacing--40);grid-template-columns:35% auto\"><figure class=\"wp-block-media-text__media\" style=\"background-image:url(https:\/\/portalnosralla.com.br\/cobranca\/wp-content\/uploads\/sites\/3\/2022\/06\/document-agreement-documents-sign-48148.jpeg);background-position:53% 57%\"><img loading=\"lazy\" decoding=\"async\" width=\"1880\" height=\"1250\" src=\"https:\/\/portalnosralla.com.br\/cobranca\/wp-content\/uploads\/sites\/3\/2022\/06\/document-agreement-documents-sign-48148.jpeg\" alt=\"\" class=\"wp-image-41 size-full\" srcset=\"https:\/\/portalnosralla.com.br\/cobranca\/files\/2022\/06\/document-agreement-documents-sign-48148.jpeg 1880w, https:\/\/portalnosralla.com.br\/cobranca\/files\/2022\/06\/document-agreement-documents-sign-48148-300x199.jpeg 300w, https:\/\/portalnosralla.com.br\/cobranca\/files\/2022\/06\/document-agreement-documents-sign-48148-1024x681.jpeg 1024w, https:\/\/portalnosralla.com.br\/cobranca\/files\/2022\/06\/document-agreement-documents-sign-48148-768x511.jpeg 768w, https:\/\/portalnosralla.com.br\/cobranca\/files\/2022\/06\/document-agreement-documents-sign-48148-1536x1021.jpeg 1536w\" sizes=\"auto, (max-width: 1880px) 100vw, 1880px\" \/><\/figure><div class=\"wp-block-media-text__content\">\n<div style=\"height:60px\" aria-hidden=\"true\" class=\"wp-block-spacer\"><\/div>\n\n\n\n<h2 class=\"wp-block-heading\"><strong>Nosralla Cobran\u00e7a<\/strong><\/h2>\n\n\n\n<p>Temos como meta oferecer um sistema moderno de cobran\u00e7a, com amplo conhecimento em direito empresarial, atuando com muita responsabilidade, seriedade, compet\u00eancia. Realizamos uma abordagem diferenciada, com profissionais altamente qualificados, graduados<\/p>\n\n\n\n<p>Na disputa pelo mercado cada vez mais competitivo, as empresas passaram a adotar modelos capazes de reduzir custos e riscos, aumentando sua efici\u00eancia e lucratividade atrav\u00e9s de parcerias com prestadoras de servi\u00e7os que conhecem suas atividades e neg\u00f3cios, mantendo seus esfor\u00e7os direcionados para os seus objetivos.<\/p>\n\n\n\n<div style=\"height:100px\" aria-hidden=\"true\" class=\"wp-block-spacer\"><\/div>\n<\/div><\/div>\n<\/div>\n\n\n\n<div style=\"height:100px\" aria-hidden=\"true\" class=\"wp-block-spacer\"><\/div>\n<\/div><\/div>\n\n\n\n<div class=\"wp-block-cover alignfull is-light has-parallax wp-duotone-unset-2\" style=\"margin-top:0;margin-bottom:0;padding-top:var(--wp--preset--spacing--40);padding-right:var(--wp--preset--spacing--40);padding-bottom:var(--wp--preset--spacing--40);padding-left:var(--wp--preset--spacing--40);min-height:800px;aspect-ratio:unset;\"><span aria-hidden=\"true\" class=\"wp-block-cover__background has-background-dim-0 has-background-dim\"><\/span><div role=\"img\" class=\"wp-block-cover__image-background wp-image-110 has-parallax\" style=\"background-position:50% 50%;background-image:url(https:\/\/portalnosralla.com.br\/cobranca\/wp-content\/uploads\/sites\/3\/2022\/06\/czNmcy1wcml2YXRlL3Jhd3BpeGVsX2ltYWdlcy93ZWJzaXRlX2NvbnRlbnQvbHIvcHgxMDEzOTkyLWltYWdlLWt3dndnY3o2LmpwZw.jpg)\"><\/div><div class=\"wp-block-cover__inner-container is-layout-flow wp-block-cover-is-layout-flow\">\n<div style=\"height:100px\" aria-hidden=\"true\" class=\"wp-block-spacer\"><\/div>\n\n\n\n<div class=\"wp-block-group alignwide is-layout-constrained wp-block-group-is-layout-constrained\">\n<div class=\"wp-block-media-text alignwide has-media-on-the-right is-stacked-on-mobile is-vertically-aligned-bottom is-image-fill ticss-3ae6703e has-background\" style=\"background-color:#95000c;margin-top:0;margin-right:0;margin-bottom:0;margin-left:0;padding-top:var(--wp--preset--spacing--40);padding-right:var(--wp--preset--spacing--40);padding-bottom:var(--wp--preset--spacing--40);padding-left:var(--wp--preset--spacing--40);grid-template-columns:auto 35%\"><div class=\"wp-block-media-text__content\">\n<div style=\"height:60px\" aria-hidden=\"true\" class=\"wp-block-spacer\"><\/div>\n\n\n\n<h2 class=\"has-text-align-right has-tertiary-color has-text-color wp-block-heading\"><strong>Servi\u00e7os<\/strong><\/h2>\n\n\n\n<p class=\"has-text-align-right has-tertiary-color has-text-color\">Efetuamos todo o processo de cobran\u00e7a, com significativa experi\u00eancia nos segmentos de Ve\u00edculos, Empr\u00e9stimo Pessoal, Cobran\u00e7as Judiciais e CDC lojista.<\/p>\n\n\n\n<p class=\"has-text-align-right has-tertiary-color has-text-color\">Nossos analistas s\u00e3o preparados para interpretar e cumprir suas regras de cr\u00e9dito e de neg\u00f3cios, al\u00e9m das respostas das consultas aos \u00f3rg\u00e3os de prote\u00e7\u00e3o ao cr\u00e9dito, e para utilizarem ferramentas de minimiza\u00e7\u00e3o de riscos e executarem processos eficazes de investiga\u00e7\u00f5es cadastrais, atrav\u00e9s do sistema de sua empresa ou de nossa pr\u00f3pria ferramenta que contempla.<\/p>\n\n\n\n<div style=\"height:100px\" aria-hidden=\"true\" class=\"wp-block-spacer\"><\/div>\n<\/div><figure class=\"wp-block-media-text__media\" style=\"background-image:url(https:\/\/portalnosralla.com.br\/cobranca\/wp-content\/uploads\/sites\/3\/2022\/06\/pexels-photo-265087-1024x682.jpeg);background-position:50% 50%\"><img loading=\"lazy\" decoding=\"async\" width=\"1024\" height=\"682\" src=\"https:\/\/portalnosralla.com.br\/cobranca\/wp-content\/uploads\/sites\/3\/2022\/06\/pexels-photo-265087-1024x682.jpeg\" alt=\"\" class=\"wp-image-75 size-full\" srcset=\"https:\/\/portalnosralla.com.br\/cobranca\/files\/2022\/06\/pexels-photo-265087-1024x682.jpeg 1024w, https:\/\/portalnosralla.com.br\/cobranca\/files\/2022\/06\/pexels-photo-265087-300x200.jpeg 300w, https:\/\/portalnosralla.com.br\/cobranca\/files\/2022\/06\/pexels-photo-265087-768x512.jpeg 768w, https:\/\/portalnosralla.com.br\/cobranca\/files\/2022\/06\/pexels-photo-265087-1536x1024.jpeg 1536w, https:\/\/portalnosralla.com.br\/cobranca\/files\/2022\/06\/pexels-photo-265087.jpeg 1880w\" sizes=\"auto, (max-width: 1024px) 100vw, 1024px\" \/><\/figure><\/div>\n<\/div>\n\n\n\n<div style=\"height:100px\" aria-hidden=\"true\" class=\"wp-block-spacer\"><\/div>\n<\/div><\/div>\n\n\n\n<div class=\"wp-block-cover alignfull is-light has-parallax wp-duotone-unset-3\" style=\"margin-top:0;margin-bottom:0;padding-top:var(--wp--preset--spacing--40);padding-right:var(--wp--preset--spacing--40);padding-bottom:var(--wp--preset--spacing--40);padding-left:var(--wp--preset--spacing--40);min-height:800px;aspect-ratio:unset;\"><span aria-hidden=\"true\" class=\"wp-block-cover__background has-background-dim-0 has-background-dim\"><\/span><div role=\"img\" class=\"wp-block-cover__image-background wp-image-110 has-parallax\" style=\"background-position:50% 50%;background-image:url(https:\/\/portalnosralla.com.br\/cobranca\/wp-content\/uploads\/sites\/3\/2022\/06\/czNmcy1wcml2YXRlL3Jhd3BpeGVsX2ltYWdlcy93ZWJzaXRlX2NvbnRlbnQvbHIvcHgxMDEzOTkyLWltYWdlLWt3dndnY3o2LmpwZw.jpg)\"><\/div><div class=\"wp-block-cover__inner-container is-layout-flow wp-block-cover-is-layout-flow\">\n<div style=\"height:100px\" aria-hidden=\"true\" class=\"wp-block-spacer\"><\/div>\n\n\n\n<div class=\"wp-block-group alignwide is-layout-constrained wp-container-core-group-is-layout-7 wp-block-group-is-layout-constrained\" style=\"margin-top:0;margin-bottom:0;padding-top:0;padding-right:0;padding-bottom:0;padding-left:0\">\n<div class=\"wp-block-columns alignwide has-tertiary-background-color has-background is-layout-flex wp-container-core-columns-is-layout-1 wp-block-columns-is-layout-flex\" style=\"margin-top:0;margin-bottom:0;padding-top:var(--wp--preset--spacing--30);padding-right:var(--wp--preset--spacing--30);padding-bottom:var(--wp--preset--spacing--30);padding-left:var(--wp--preset--spacing--30)\">\n<div class=\"wp-block-column is-layout-flow wp-container-core-column-is-layout-1 wp-block-column-is-layout-flow\" style=\"padding-top:0;padding-right:0;padding-bottom:0;padding-left:0\">\n<iframe src=\"https:\/\/www.google.com\/maps\/embed?pb=!1m18!1m12!1m3!1d3718.376687199074!2d-48.32614334885801!3d-21.256551886344386!2m3!1f0!2f0!3f0!3m2!1i1024!2i768!4f13.1!3m3!1m2!1s0x94b96b7b629a9b27%3A0x81742927451e9d10!2sNOSRALLA%20neg%C3%B3cios%20Imobili%C3%A1rios%20SS%20Ltda!5e0!3m2!1spt-BR!2sbr!4v1655646192559!5m2!1spt-BR!2sbr\" width=\"100%\" height=\"600\" style=\"border:0;\" allowfullscreen=\"\" loading=\"lazy\" referrerpolicy=\"no-referrer-when-downgrade\"><\/iframe>\n<\/div>\n\n\n\n<div class=\"wp-block-column is-layout-flow wp-block-column-is-layout-flow\">\n<div class=\"wp-block-group is-layout-constrained wp-block-group-is-layout-constrained\">\n<div style=\"height:60px\" aria-hidden=\"true\" class=\"wp-block-spacer\"><\/div>\n\n\n\n<h2 class=\"wp-block-heading\"><strong>Contato<\/strong><\/h2>\n\n\n\n<div class=\"wp-block-group is-vertical is-layout-flex wp-container-core-group-is-layout-4 wp-block-group-is-layout-flex\" style=\"margin-top:var(--wp--preset--spacing--40);margin-bottom:var(--wp--preset--spacing--40)\">\n<p>Avenida General Glic\u00e9rio, n\u00ba 600<\/p>\n\n\n\n<p>Jaboticabal \/ S\u00e3o Paulo<\/p>\n\n\n\n<p>CEP.: 14870-520<\/p>\n<\/div>\n\n\n\n<div class=\"wp-block-group is-nowrap is-layout-flex wp-container-core-group-is-layout-5 wp-block-group-is-layout-flex\" style=\"margin-top:var(--wp--preset--spacing--40);margin-bottom:var(--wp--preset--spacing--40);padding-top:0;padding-right:0;padding-bottom:0;padding-left:0\">\n<p>Fones:<\/p>\n\n\n\n<p>(16) 3203-3273<br>(16) 3203-1590<\/p>\n<\/div>\n\n\n\n<div style=\"height:100px\" aria-hidden=\"true\" class=\"wp-block-spacer\"><\/div>\n<\/div>\n<\/div>\n<\/div>\n<\/div>\n\n\n\n<div style=\"height:100px\" aria-hidden=\"true\" class=\"wp-block-spacer\"><\/div>\n<\/div><\/div>\n\n\n\n<div class=\"wp-block-cover alignfull is-light has-parallax wp-duotone-unset-4\" style=\"margin-top:0;margin-bottom:0;padding-top:var(--wp--preset--spacing--40);padding-right:var(--wp--preset--spacing--40);padding-bottom:var(--wp--preset--spacing--40);padding-left:var(--wp--preset--spacing--40);min-height:800px;aspect-ratio:unset;\"><span aria-hidden=\"true\" class=\"wp-block-cover__background has-background-dim-0 has-background-dim\"><\/span><div role=\"img\" class=\"wp-block-cover__image-background wp-image-110 has-parallax\" style=\"background-position:50% 50%;background-image:url(https:\/\/portalnosralla.com.br\/cobranca\/wp-content\/uploads\/sites\/3\/2022\/06\/czNmcy1wcml2YXRlL3Jhd3BpeGVsX2ltYWdlcy93ZWJzaXRlX2NvbnRlbnQvbHIvcHgxMDEzOTkyLWltYWdlLWt3dndnY3o2LmpwZw.jpg)\"><\/div><div class=\"wp-block-cover__inner-container is-layout-flow wp-block-cover-is-layout-flow\">\n<div style=\"height:100px\" aria-hidden=\"true\" class=\"wp-block-spacer\"><\/div>\n\n\n\n<div class=\"wp-block-group alignwide is-layout-constrained wp-block-group-is-layout-constrained\">\n<div class=\"wp-block-columns alignwide has-background is-layout-flex wp-container-core-columns-is-layout-2 wp-block-columns-is-layout-flex\" style=\"background-color:#95000c;margin-top:0;margin-bottom:0;padding-top:0;padding-right:0;padding-bottom:0;padding-left:0\">\n<div class=\"wp-block-column is-layout-flow wp-block-column-is-layout-flow\">\n<div class=\"wp-block-group is-layout-constrained wp-block-group-is-layout-constrained\">\n<div style=\"height:60px\" aria-hidden=\"true\" class=\"wp-block-spacer\"><\/div>\n\n\n\n<h2 class=\"has-text-align-right has-tertiary-color has-text-color wp-block-heading\"><strong>Fale conosco<\/strong><\/h2>\n\n\n\n<p class=\"has-text-align-right has-tertiary-color has-text-color\">Envie uma mensagem atrav\u00e9s do nosso formul\u00e1rio<\/p>\n\n\n\n<div style=\"height:100px\" aria-hidden=\"true\" class=\"wp-block-spacer\"><\/div>\n<\/div>\n<\/div>\n\n\n\n<div class=\"wp-block-column has-tertiary-color has-text-color is-layout-flow wp-container-core-column-is-layout-4 wp-block-column-is-layout-flow\" style=\"padding-top:0;padding-right:0;padding-bottom:0;padding-left:0\">\n<div class=\"wp-block-contact-form-7-contact-form-selector\">[contact-form-7 id=&#8221;101&#8243; title=&#8221;Formul\u00e1rio&#8221;]<\/div>\n<\/div>\n<\/div>\n<\/div>\n\n\n\n<div style=\"height:100px\" aria-hidden=\"true\" class=\"wp-block-spacer\"><\/div>\n<\/div><\/div>\n\n\n\n<div class=\"wp-block-cover alignfull is-light has-parallax wp-duotone-unset-5\" style=\"margin-top:0;margin-bottom:0;padding-top:var(--wp--preset--spacing--40);padding-right:var(--wp--preset--spacing--40);padding-bottom:var(--wp--preset--spacing--40);padding-left:var(--wp--preset--spacing--40);min-height:200px;aspect-ratio:unset;\"><span aria-hidden=\"true\" class=\"wp-block-cover__background has-background-background-color has-background-dim-40 has-background-dim\"><\/span><div role=\"img\" class=\"wp-block-cover__image-background wp-image-110 has-parallax\" style=\"background-position:50% 50%;background-image:url(https:\/\/portalnosralla.com.br\/cobranca\/wp-content\/uploads\/sites\/3\/2022\/06\/czNmcy1wcml2YXRlL3Jhd3BpeGVsX2ltYWdlcy93ZWJzaXRlX2NvbnRlbnQvbHIvcHgxMDEzOTkyLWltYWdlLWt3dndnY3o2LmpwZw.jpg)\"><\/div><div class=\"wp-block-cover__inner-container is-layout-flow wp-block-cover-is-layout-flow\">\n<div style=\"height:100px\" aria-hidden=\"true\" class=\"wp-block-spacer\"><\/div>\n\n\n\n<div class=\"wp-block-group is-content-justification-center is-layout-flex wp-container-core-group-is-layout-10 wp-block-group-is-layout-flex\">\n<figure class=\"wp-block-image aligncenter size-full is-resized\"><img loading=\"lazy\" decoding=\"async\" src=\"https:\/\/portalnosralla.com.br\/wp-content\/uploads\/2022\/06\/logo_ecoa_icon-80X.png\" alt=\"Cria\u00e7\u00e3o\" class=\"wp-image-150\" width=\"40\" height=\"40\"\/><\/figure>\n\n\n\n<figure class=\"wp-block-image aligncenter size-full is-resized\"><img loading=\"lazy\" decoding=\"async\" src=\"https:\/\/portalnosralla.com.br\/wp-content\/uploads\/2020\/06\/COR-FUNDO-TRANSPARENTEHCOMIX-LOGO-250px.png\" alt=\"Hospedagem\" class=\"wp-image-132\" width=\"63\" height=\"63\"\/><\/figure>\n<\/div>\n\n\n\n<div style=\"height:100px\" aria-hidden=\"true\" class=\"wp-block-spacer\"><\/div>\n<\/div><\/div>\n","protected":false},"excerpt":{"rendered":"","protected":false},"author":1,"featured_media":0,"parent":0,"menu_order":1,"comment_status":"closed","ping_status":"closed","template":"blank","meta":{"footnotes":""},"class_list":["post-2","page","type-page","status-publish","hentry"],"_links":{"self":[{"href":"https:\/\/portalnosralla.com.br\/cobranca\/wp-json\/wp\/v2\/pages\/2","targetHints":{"allow":["GET"]}}],"collection":[{"href":"https:\/\/portalnosralla.com.br\/cobranca\/wp-json\/wp\/v2\/pages"}],"about":[{"href":"https:\/\/portalnosralla.com.br\/cobranca\/wp-json\/wp\/v2\/types\/page"}],"author":[{"embeddable":true,"href":"https:\/\/portalnosralla.com.br\/cobranca\/wp-json\/wp\/v2\/users\/1"}],"replies":[{"embeddable":true,"href":"https:\/\/portalnosralla.com.br\/cobranca\/wp-json\/wp\/v2\/comments?post=2"}],"version-history":[{"count":41,"href":"https:\/\/portalnosralla.com.br\/cobranca\/wp-json\/wp\/v2\/pages\/2\/revisions"}],"predecessor-version":[{"id":119,"href":"https:\/\/portalnosralla.com.br\/cobranca\/wp-json\/wp\/v2\/pages\/2\/revisions\/119"}],"wp:attachment":[{"href":"https:\/\/portalnosralla.com.br\/cobranca\/wp-json\/wp\/v2\/media?parent=2"}],"curies":[{"name":"wp","href":"https:\/\/api.w.org\/{rel}","templated":true}]}}